{"id":2418,"date":"2021-07-15T16:49:23","date_gmt":"2021-07-15T16:49:23","guid":{"rendered":"https:\/\/invoclic.com\/site\/?page_id=2418"},"modified":"2022-07-20T00:12:03","modified_gmt":"2022-07-20T00:12:03","slug":"timbrado","status":"publish","type":"page","link":"https:\/\/invoclic.com\/site\/timbrado\/","title":{"rendered":"Timbrado | Facturaci\u00f3n Electr\u00f3nica"},"content":{"rendered":"\t\t<div data-elementor-type=\"wp-page\" data-elementor-id=\"2418\" class=\"elementor elementor-2418\" data-elementor-settings=\"[]\">\n\t\t\t\t\t\t\t<div class=\"elementor-section-wrap\">\n\t\t\t\t\t\t\t<section class=\"elementor-section elementor-top-section elementor-element elementor-element-acfa69a elementor-section-boxed elementor-section-height-default elementor-section-height-default\" data-id=\"acfa69a\" data-element_type=\"section\">\n\t\t\t\t\t\t<div class=\"elementor-container elementor-column-gap-default\">\n\t\t\t\t\t<div class=\"elementor-column elementor-col-50 elementor-top-column elementor-element elementor-element-3d2b1e3\" data-id=\"3d2b1e3\" data-element_type=\"column\">\n\t\t\t<div class=\"elementor-widget-wrap elementor-element-populated\">\n\t\t\t\t\t\t\t\t<div class=\"elementor-element elementor-element-45f79ba elementor-widget elementor-widget-text-editor\" data-id=\"45f79ba\" data-element_type=\"widget\" data-widget_type=\"text-editor.default\">\n\t\t\t\t<div class=\"elementor-widget-container\">\n\t\t\t\t\t\t\t\t<h5>Timbrado | Facturaci\u00f3n Electr\u00f3nica con conexi\u00f3n Web Service hac\u00eda PLEX<\/h5><p>La conexi\u00f3n web service nos sirve para comunicarnos directamente con PLEX para extraer la informaci\u00f3n de forma autom\u00e1tica para poder timbrarla ante SAT y poder adjuntar a PLEX el PDF y XML de la factura timbrada de manera autom\u00e1tica.<\/p><ul><li><p>Timbrado | Facturaci\u00f3n Electr\u00f3nica en versi\u00f3n 4.0<\/p><\/li><li><p>Notas de cr\u00e9dito<\/p><\/li><li><p>Complementos de pago<\/p><\/li><li><p>Comercio exterior<\/p><\/li><li><p>Factoraje<\/p><\/li><li><p>Facturas con Addendas<\/p><\/li><\/ul>\t\t\t\t\t\t<\/div>\n\t\t\t\t<\/div>\n\t\t\t\t\t<\/div>\n\t\t<\/div>\n\t\t\t\t<div class=\"elementor-column elementor-col-50 elementor-top-column elementor-element elementor-element-ad5fb27\" data-id=\"ad5fb27\" data-element_type=\"column\">\n\t\t\t<div class=\"elementor-widget-wrap elementor-element-populated\">\n\t\t\t\t\t\t\t\t<div class=\"elementor-element elementor-element-b27902b elementor-widget elementor-widget-image\" data-id=\"b27902b\" data-element_type=\"widget\" data-widget_type=\"image.default\">\n\t\t\t\t<div class=\"elementor-widget-container\">\n\t\t\t\t\t\t\t\t\t\t\t\t\t\t\t<img loading=\"lazy\" decoding=\"async\" width=\"546\" height=\"364\" src=\"https:\/\/invoclic.com\/site\/wp-content\/uploads\/2021\/07\/invoclic.webservices.jpg\" class=\"attachment-large size-large\" alt=\"Invoclic Web Services para PLEX\" srcset=\"https:\/\/invoclic.com\/site\/wp-content\/uploads\/2021\/07\/invoclic.webservices.jpg 546w, https:\/\/invoclic.com\/site\/wp-content\/uploads\/2021\/07\/invoclic.webservices-300x200.jpg 300w, https:\/\/invoclic.com\/site\/wp-content\/uploads\/2021\/07\/invoclic.webservices-440x293.jpg 440w\" sizes=\"auto, (max-width: 546px) 100vw, 546px\" \/>\t\t\t\t\t\t\t\t\t\t\t\t\t\t\t<\/div>\n\t\t\t\t<\/div>\n\t\t\t\t\t<\/div>\n\t\t<\/div>\n\t\t\t\t\t\t\t<\/div>\n\t\t<\/section>\n\t\t\t\t<section class=\"elementor-section elementor-top-section elementor-element elementor-element-ba8a9e5 elementor-section-boxed elementor-section-height-default elementor-section-height-default\" data-id=\"ba8a9e5\" data-element_type=\"section\">\n\t\t\t\t\t\t<div class=\"elementor-container elementor-column-gap-default\">\n\t\t\t\t\t<div class=\"elementor-column elementor-col-100 elementor-top-column elementor-element elementor-element-80048ac\" data-id=\"80048ac\" data-element_type=\"column\">\n\t\t\t<div class=\"elementor-widget-wrap elementor-element-populated\">\n\t\t\t\t\t\t\t\t<div class=\"elementor-element elementor-element-1eaefc4 elementor-widget-divider--view-line elementor-widget elementor-widget-divider\" data-id=\"1eaefc4\" data-element_type=\"widget\" data-widget_type=\"divider.default\">\n\t\t\t\t<div class=\"elementor-widget-container\">\n\t\t\t\t\t<div class=\"elementor-divider\">\n\t\t\t<span class=\"elementor-divider-separator\">\n\t\t\t\t\t\t<\/span>\n\t\t<\/div>\n\t\t\t\t<\/div>\n\t\t\t\t<\/div>\n\t\t\t\t\t<\/div>\n\t\t<\/div>\n\t\t\t\t\t\t\t<\/div>\n\t\t<\/section>\n\t\t\t\t<section class=\"elementor-section elementor-top-section elementor-element elementor-element-38675bf elementor-section-boxed elementor-section-height-default elementor-section-height-default\" data-id=\"38675bf\" data-element_type=\"section\">\n\t\t\t\t\t\t<div class=\"elementor-container elementor-column-gap-default\">\n\t\t\t\t\t<div class=\"elementor-column elementor-col-50 elementor-top-column elementor-element elementor-element-82b1e79\" data-id=\"82b1e79\" data-element_type=\"column\">\n\t\t\t<div class=\"elementor-widget-wrap elementor-element-populated\">\n\t\t\t\t\t\t\t\t<div class=\"elementor-element elementor-element-61db3f5 elementor-widget elementor-widget-image\" data-id=\"61db3f5\" data-element_type=\"widget\" data-widget_type=\"image.default\">\n\t\t\t\t<div class=\"elementor-widget-container\">\n\t\t\t\t\t\t\t\t\t\t\t\t\t\t\t<img loading=\"lazy\" decoding=\"async\" width=\"546\" height=\"364\" src=\"https:\/\/invoclic.com\/site\/wp-content\/uploads\/2021\/07\/invoclic.csv.jpg\" class=\"attachment-large size-large\" alt=\"Timbrado de PLEX por CSV\" srcset=\"https:\/\/invoclic.com\/site\/wp-content\/uploads\/2021\/07\/invoclic.csv.jpg 546w, https:\/\/invoclic.com\/site\/wp-content\/uploads\/2021\/07\/invoclic.csv-300x200.jpg 300w, https:\/\/invoclic.com\/site\/wp-content\/uploads\/2021\/07\/invoclic.csv-440x293.jpg 440w\" sizes=\"auto, (max-width: 546px) 100vw, 546px\" \/>\t\t\t\t\t\t\t\t\t\t\t\t\t\t\t<\/div>\n\t\t\t\t<\/div>\n\t\t\t\t\t<\/div>\n\t\t<\/div>\n\t\t\t\t<div class=\"elementor-column elementor-col-50 elementor-top-column elementor-element elementor-element-ce6292e\" data-id=\"ce6292e\" data-element_type=\"column\">\n\t\t\t<div class=\"elementor-widget-wrap elementor-element-populated\">\n\t\t\t\t\t\t\t\t<div class=\"elementor-element elementor-element-a9a4c52 elementor-widget elementor-widget-text-editor\" data-id=\"a9a4c52\" data-element_type=\"widget\" data-widget_type=\"text-editor.default\">\n\t\t\t\t<div class=\"elementor-widget-container\">\n\t\t\t\t\t\t\t\t<h5>Timbrado | Facturaci\u00f3n Electr\u00f3nica con archivos CSV<\/h5><p>Timbrar o Factura electr\u00f3nicamente con archivos cvs en 3 sencillos pasos:<\/p><ol><li><p>Sube, el archivo que exportas de PLEX<\/p><\/li><li><p>Timbrar, seleccionas las facturas a timbrar<\/p><\/li><li><p>Enviar, env\u00eda la factura ya timbradas desde InvoClic de forma r\u00e1pida.<\/p><\/li><\/ol><ul><li><p>Timbrado | Facturaci\u00f3n Electr\u00f3nica en versi\u00f3n 4.0<\/p><\/li><li><p>Notas de cr\u00e9dito<\/p><\/li><li><p>Complementos de pago<\/p><\/li><li><p>Comercio exterior<\/p><\/li><li><p>Factoraje<\/p><\/li><li><p>Facturas con Addendas<\/p><\/li><\/ul>\t\t\t\t\t\t<\/div>\n\t\t\t\t<\/div>\n\t\t\t\t\t<\/div>\n\t\t<\/div>\n\t\t\t\t\t\t\t<\/div>\n\t\t<\/section>\n\t\t\t\t<section class=\"elementor-section elementor-top-section elementor-element elementor-element-b3145f5 elementor-section-boxed elementor-section-height-default elementor-section-height-default\" data-id=\"b3145f5\" data-element_type=\"section\">\n\t\t\t\t\t\t<div class=\"elementor-container elementor-column-gap-default\">\n\t\t\t\t\t<div class=\"elementor-column elementor-col-100 elementor-top-column elementor-element elementor-element-b0f2f2f\" data-id=\"b0f2f2f\" data-element_type=\"column\">\n\t\t\t<div class=\"elementor-widget-wrap elementor-element-populated\">\n\t\t\t\t\t\t\t\t<div class=\"elementor-element elementor-element-763b18e elementor-widget-divider--view-line elementor-widget elementor-widget-divider\" data-id=\"763b18e\" data-element_type=\"widget\" data-widget_type=\"divider.default\">\n\t\t\t\t<div class=\"elementor-widget-container\">\n\t\t\t\t\t<div class=\"elementor-divider\">\n\t\t\t<span class=\"elementor-divider-separator\">\n\t\t\t\t\t\t<\/span>\n\t\t<\/div>\n\t\t\t\t<\/div>\n\t\t\t\t<\/div>\n\t\t\t\t\t<\/div>\n\t\t<\/div>\n\t\t\t\t\t\t\t<\/div>\n\t\t<\/section>\n\t\t\t\t<section class=\"elementor-section elementor-top-section elementor-element elementor-element-b8b31ad elementor-section-boxed elementor-section-height-default elementor-section-height-default\" data-id=\"b8b31ad\" data-element_type=\"section\">\n\t\t\t\t\t\t<div class=\"elementor-container elementor-column-gap-default\">\n\t\t\t\t\t<div class=\"elementor-column elementor-col-50 elementor-top-column elementor-element elementor-element-7d14897\" data-id=\"7d14897\" data-element_type=\"column\">\n\t\t\t<div class=\"elementor-widget-wrap elementor-element-populated\">\n\t\t\t\t\t\t\t\t<div class=\"elementor-element elementor-element-2d4e6c9 elementor-widget elementor-widget-text-editor\" data-id=\"2d4e6c9\" data-element_type=\"widget\" data-widget_type=\"text-editor.default\">\n\t\t\t\t<div class=\"elementor-widget-container\">\n\t\t\t\t\t\t\t\t<h5>Contabilidad Electr\u00f3nica<\/h5><div class=\"page\" title=\"Page 4\"><div class=\"section\"><div class=\"layoutArea\"><div class=\"column\"><p>Exporta del PLEX los archivos CSV de tu contabilidad electro\u0301nica e invoclic te genera automa\u0301ticamente los XML que vas a subir a buz\u00f3n tributario de SAT<\/p><\/div><\/div><\/div><\/div>\t\t\t\t\t\t<\/div>\n\t\t\t\t<\/div>\n\t\t\t\t\t<\/div>\n\t\t<\/div>\n\t\t\t\t<div class=\"elementor-column elementor-col-50 elementor-top-column elementor-element elementor-element-197d2fb\" data-id=\"197d2fb\" data-element_type=\"column\">\n\t\t\t<div class=\"elementor-widget-wrap elementor-element-populated\">\n\t\t\t\t\t\t\t\t<div class=\"elementor-element elementor-element-dfc14df elementor-widget elementor-widget-image\" data-id=\"dfc14df\" data-element_type=\"widget\" data-widget_type=\"image.default\">\n\t\t\t\t<div class=\"elementor-widget-container\">\n\t\t\t\t\t\t\t\t\t\t\t\t\t\t\t<img loading=\"lazy\" decoding=\"async\" width=\"546\" height=\"364\" src=\"https:\/\/invoclic.com\/site\/wp-content\/uploads\/2021\/07\/contabilidad-electronica.invoclic.plex_.jpg\" class=\"attachment-large size-large\" alt=\"Contabilidad Electronica para PLEX\" srcset=\"https:\/\/invoclic.com\/site\/wp-content\/uploads\/2021\/07\/contabilidad-electronica.invoclic.plex_.jpg 546w, https:\/\/invoclic.com\/site\/wp-content\/uploads\/2021\/07\/contabilidad-electronica.invoclic.plex_-300x200.jpg 300w, https:\/\/invoclic.com\/site\/wp-content\/uploads\/2021\/07\/contabilidad-electronica.invoclic.plex_-440x293.jpg 440w\" sizes=\"auto, (max-width: 546px) 100vw, 546px\" \/>\t\t\t\t\t\t\t\t\t\t\t\t\t\t\t<\/div>\n\t\t\t\t<\/div>\n\t\t\t\t\t<\/div>\n\t\t<\/div>\n\t\t\t\t\t\t\t<\/div>\n\t\t<\/section>\n\t\t\t\t<section class=\"elementor-section elementor-top-section elementor-element elementor-element-b982440 elementor-section-boxed elementor-section-height-default elementor-section-height-default\" data-id=\"b982440\" data-element_type=\"section\">\n\t\t\t\t\t\t<div class=\"elementor-container elementor-column-gap-default\">\n\t\t\t\t\t<div class=\"elementor-column elementor-col-100 elementor-top-column elementor-element elementor-element-5287c1b\" data-id=\"5287c1b\" data-element_type=\"column\">\n\t\t\t<div class=\"elementor-widget-wrap elementor-element-populated\">\n\t\t\t\t\t\t\t\t<div class=\"elementor-element elementor-element-8031bad elementor-align-center elementor-widget elementor-widget-button\" data-id=\"8031bad\" data-element_type=\"widget\" data-widget_type=\"button.default\">\n\t\t\t\t<div class=\"elementor-widget-container\">\n\t\t\t\t\t<div class=\"elementor-button-wrapper\">\n\t\t\t<a href=\"https:\/\/invoclic.com\/site\/agendar-demostracion-de-invoclic\/\" class=\"elementor-button-link elementor-button elementor-size-sm\" role=\"button\">\n\t\t\t\t\t\t<span class=\"elementor-button-content-wrapper\">\n\t\t\t\t\t\t<span class=\"elementor-button-text\">Agenda Demostraci\u00f3n de InvoClic<\/span>\n\t\t<\/span>\n\t\t\t\t\t<\/a>\n\t\t<\/div>\n\t\t\t\t<\/div>\n\t\t\t\t<\/div>\n\t\t\t\t\t<\/div>\n\t\t<\/div>\n\t\t\t\t\t\t\t<\/div>\n\t\t<\/section>\n\t\t\t\t\t\t<\/div>\n\t\t\t\t\t<\/div>\n\t\t","protected":false},"excerpt":{"rendered":"Timbrado | Facturaci\u00f3n Electr\u00f3nica con conexi\u00f3n Web Service hac\u00eda PLEX La conexi\u00f3n web service nos sirve para comunicarnos directamente con PLEX para extraer la informaci\u00f3n de forma autom\u00e1tica para poder timbrarla ante SAT y poder adjuntar a PLEX el PDF y XML de la factura timbrada de manera autom\u00e1tica. Timbrado | Facturaci\u00f3n Electr\u00f3nica en versi\u00f3n[&#8230;]","protected":false},"author":1,"featured_media":0,"parent":0,"menu_order":0,"comment_status":"closed","ping_status":"closed","template":"","meta":{"_monsterinsights_skip_tracking":false,"_monsterinsights_sitenote_active":false,"_monsterinsights_sitenote_note":"","_monsterinsights_sitenote_category":0,"footnotes":""},"class_list":["post-2418","page","type-page","status-publish","hentry"],"aioseo_notices":[],"_links":{"self":[{"href":"https:\/\/invoclic.com\/site\/wp-json\/wp\/v2\/pages\/2418","targetHints":{"allow":["GET"]}}],"collection":[{"href":"https:\/\/invoclic.com\/site\/wp-json\/wp\/v2\/pages"}],"about":[{"href":"https:\/\/invoclic.com\/site\/wp-json\/wp\/v2\/types\/page"}],"author":[{"embeddable":true,"href":"https:\/\/invoclic.com\/site\/wp-json\/wp\/v2\/users\/1"}],"replies":[{"embeddable":true,"href":"https:\/\/invoclic.com\/site\/wp-json\/wp\/v2\/comments?post=2418"}],"version-history":[{"count":71,"href":"https:\/\/invoclic.com\/site\/wp-json\/wp\/v2\/pages\/2418\/revisions"}],"predecessor-version":[{"id":2708,"href":"https:\/\/invoclic.com\/site\/wp-json\/wp\/v2\/pages\/2418\/revisions\/2708"}],"wp:attachment":[{"href":"https:\/\/invoclic.com\/site\/wp-json\/wp\/v2\/media?parent=2418"}],"curies":[{"name":"wp","href":"https:\/\/api.w.org\/{rel}","templated":true}]}}